{"id":3892,"date":"2024-10-15T13:32:28","date_gmt":"2024-10-15T11:32:28","guid":{"rendered":"https:\/\/www.scentechnologies.com\/?page_id=3892"},"modified":"2025-11-18T13:41:25","modified_gmt":"2025-11-18T11:41:25","slug":"hospitality-4","status":"publish","type":"page","link":"https:\/\/www.scentechnologies.com\/cat\/recursos-i-descarregues\/hospitality-4\/","title":{"rendered":"Scent AI | IA Experta en Eliminaci\u00f3 d&#039;Olores"},"content":{"rendered":"\t\t<div data-elementor-type=\"wp-page\" data-elementor-id=\"3892\" class=\"elementor elementor-3892\" data-elementor-post-type=\"page\">\n\t\t\t\t\t\t<section class=\"elementor-section elementor-top-section elementor-element elementor-element-b8b0880 elementor-section-boxed elementor-section-height-default elementor-section-height-default\" data-id=\"b8b0880\" data-element_type=\"section\" data-e-type=\"section\">\n\t\t\t\t\t\t<div class=\"elementor-container elementor-column-gap-default\">\n\t\t\t\t\t<div class=\"elementor-column elementor-col-100 elementor-top-column elementor-element elementor-element-87e6fdc\" data-id=\"87e6fdc\" data-element_type=\"column\" data-e-type=\"column\">\n\t\t\t<div class=\"elementor-widget-wrap elementor-element-populated\">\n\t\t\t\t\t\t<div class=\"elementor-element elementor-element-0d16cce elementor-cta--skin-cover elementor-cta--valign-middle elementor-animated-content elementor-bg-transform elementor-bg-transform-zoom-in elementor-widget elementor-widget-call-to-action\" data-id=\"0d16cce\" data-element_type=\"widget\" data-e-type=\"widget\" data-widget_type=\"call-to-action.default\">\n\t\t\t\t<div class=\"elementor-widget-container\">\n\t\t\t\t\t\t\t<div class=\"elementor-cta\">\n\t\t\t\t\t<div class=\"elementor-cta__bg-wrapper\">\n\t\t\t\t<div class=\"elementor-cta__bg elementor-bg\" style=\"background-image: url(https:\/\/www.scentechnologies.com\/wp-content\/uploads\/2024\/10\/duotone-90-472x1024.webp);\" role=\"img\" aria-label=\"IA Experta en eliminaci\u00f3n de olor - Scentechnologies\"><\/div>\n\t\t\t\t<div class=\"elementor-cta__bg-overlay\"><\/div>\n\t\t\t<\/div>\n\t\t\t\t\t\t\t<div class=\"elementor-cta__content\">\n\t\t\t\t\n\t\t\t\t\t\t\t\t\t<h2 class=\"elementor-cta__title elementor-cta__content-item elementor-content-item elementor-animated-item--grow\">\n\t\t\t\t\t\tHabla con nuestra IA Experta en Eliminaci\u00f3n de Olores\t\t\t\t\t<\/h2>\n\t\t\t\t\n\t\t\t\t\n\t\t\t\t\t\t\t<\/div>\n\t\t\t\t\t\t<\/div>\n\t\t\t\t\t\t<\/div>\n\t\t\t\t<\/div>\n\t\t\t\t\t<\/div>\n\t\t<\/div>\n\t\t\t\t\t<\/div>\n\t\t<\/section>\n\t\t\t\t<section class=\"elementor-section elementor-top-section elementor-element elementor-element-ac10d52 elementor-section-boxed elementor-section-height-default elementor-section-height-default\" data-id=\"ac10d52\" data-element_type=\"section\" data-e-type=\"section\">\n\t\t\t\t\t\t<div class=\"elementor-container elementor-column-gap-default\">\n\t\t\t\t\t<div class=\"elementor-column elementor-col-100 elementor-top-column elementor-element elementor-element-4c3a942\" data-id=\"4c3a942\" data-element_type=\"column\" data-e-type=\"column\">\n\t\t\t<div class=\"elementor-widget-wrap elementor-element-populated\">\n\t\t\t\t\t\t<div class=\"elementor-element elementor-element-21ccfad elementor-widget elementor-widget-html\" data-id=\"21ccfad\" data-element_type=\"widget\" data-e-type=\"widget\" data-widget_type=\"html.default\">\n\t\t\t\t<div class=\"elementor-widget-container\">\n\t\t\t\t\t<iframe\nsrc=\"https:\/\/www.chatbase.co\/chatbot-iframe\/ptoCNgGg6yPvycazNCl_B\"\nwidth=\"100%\"\nstyle=\"height: 100%; min-height: 700px\"\nframeborder=\"0\"\n><\/iframe>\t\t\t\t<\/div>\n\t\t\t\t<\/div>\n\t\t\t\t\t<\/div>\n\t\t<\/div>\n\t\t\t\t\t<\/div>\n\t\t<\/section>\n\t\t\t\t<section class=\"elementor-section elementor-top-section elementor-element elementor-element-16f8ec6 elementor-section-content-middle elementor-section-boxed elementor-section-height-default elementor-section-height-default elementor-invisible\" data-id=\"16f8ec6\" data-element_type=\"section\" data-e-type=\"section\" data-settings=\"{&quot;background_background&quot;:&quot;classic&quot;,&quot;background_motion_fx_motion_fx_scrolling&quot;:&quot;yes&quot;,&quot;background_motion_fx_translateX_effect&quot;:&quot;yes&quot;,&quot;background_motion_fx_translateX_direction&quot;:&quot;negative&quot;,&quot;background_motion_fx_translateX_speed&quot;:{&quot;unit&quot;:&quot;px&quot;,&quot;size&quot;:6.5,&quot;sizes&quot;:[]},&quot;animation&quot;:&quot;slideInUp&quot;,&quot;background_motion_fx_translateX_affectedRange&quot;:{&quot;unit&quot;:&quot;%&quot;,&quot;size&quot;:&quot;&quot;,&quot;sizes&quot;:{&quot;start&quot;:0,&quot;end&quot;:100}},&quot;background_motion_fx_devices&quot;:[&quot;desktop&quot;,&quot;tablet&quot;,&quot;mobile&quot;]}\">\n\t\t\t\t\t\t\t<div class=\"elementor-background-overlay\"><\/div>\n\t\t\t\t\t\t\t<div class=\"elementor-container elementor-column-gap-default\">\n\t\t\t\t\t<div class=\"elementor-column elementor-col-50 elementor-top-column elementor-element elementor-element-112b1b3\" data-id=\"112b1b3\" data-element_type=\"column\" data-e-type=\"column\">\n\t\t\t<div class=\"elementor-widget-wrap elementor-element-populated\">\n\t\t\t\t\t\t<div class=\"elementor-element elementor-element-47a87e8 elementor-widget-mobile__width-initial elementor-widget elementor-widget-heading\" data-id=\"47a87e8\" data-element_type=\"widget\" data-e-type=\"widget\" data-widget_type=\"heading.default\">\n\t\t\t\t<div class=\"elementor-widget-container\">\n\t\t\t\t\t<h3 class=\"elementor-heading-title elementor-size-default\">Elimina olores desde la mol\u00e9cula<\/h3>\t\t\t\t<\/div>\n\t\t\t\t<\/div>\n\t\t\t\t\t<\/div>\n\t\t<\/div>\n\t\t\t\t<div class=\"elementor-column elementor-col-50 elementor-top-column elementor-element elementor-element-b1aaf1c\" data-id=\"b1aaf1c\" data-element_type=\"column\" data-e-type=\"column\">\n\t\t\t<div class=\"elementor-widget-wrap elementor-element-populated\">\n\t\t\t\t\t\t<div class=\"elementor-element elementor-element-206e07a elementor-align-right elementor-tablet-align-right elementor-mobile-align-justify elementor-widget-tablet__width-initial elementor-widget-mobile__width-initial elementor-widget elementor-widget-button\" data-id=\"206e07a\" data-element_type=\"widget\" data-e-type=\"widget\" data-widget_type=\"button.default\">\n\t\t\t\t<div class=\"elementor-widget-container\">\n\t\t\t\t\t\t\t\t\t<div class=\"elementor-button-wrapper\">\n\t\t\t\t\t<a class=\"elementor-button elementor-button-link elementor-size-sm\" href=\"https:\/\/www.scentechnologies.com\/contacto\/\">\n\t\t\t\t\t\t<span class=\"elementor-button-content-wrapper\">\n\t\t\t\t\t\t\t\t\t<span class=\"elementor-button-text\">Contacto<\/span>\n\t\t\t\t\t<\/span>\n\t\t\t\t\t<\/a>\n\t\t\t\t<\/div>\n\t\t\t\t\t\t\t\t<\/div>\n\t\t\t\t<\/div>\n\t\t\t\t\t<\/div>\n\t\t<\/div>\n\t\t\t\t\t<\/div>\n\t\t<\/section>\n\t\t\t\t<\/div>\n\t\t","protected":false},"excerpt":{"rendered":"<p>Scent AI, l'expert en eliminaci\u00f3 d'olors, ofereix solucions instant\u00e0nies per eliminar qualsevol mala olor a llars, negocis i ind\u00fastries. Chat-ea ara i troba la millor soluci\u00f3 per al teu problema d'olors.<\/p>","protected":false},"author":1,"featured_media":4346,"parent":3863,"menu_order":0,"comment_status":"closed","ping_status":"closed","template":"elementor_header_footer","meta":{"_monsterinsights_skip_tracking":false,"_monsterinsights_sitenote_active":false,"_monsterinsights_sitenote_note":"","_monsterinsights_sitenote_category":0,"footnotes":""},"class_list":["post-3892","page","type-page","status-publish","has-post-thumbnail","hentry"],"yoast_head":"<!-- This site is optimized with the Yoast SEO plugin v27.2 - https:\/\/yoast.com\/product\/yoast-seo-wordpress\/ -->\n<title>Scent AI - Inteligencia Artificial Experta en Eliminaci\u00f3n de Olores - Scentechnologies<\/title>\n<meta name=\"description\" content=\"Scent AI, la IA Experta en Eliminaci\u00f3n de Olores, te ofrece soluciones instant\u00e1neas para eliminar cualquier mal olor en hogares, negocios e industrias. Chatea ahora y encuentra la mejor soluci\u00f3n para tu problema de olores.\" \/>\n<meta name=\"robots\" content=\"index, follow, max-snippet:-1, max-image-preview:large, max-video-preview:-1\" \/>\n<link rel=\"canonical\" href=\"https:\/\/www.scentechnologies.com\/cat\/recursos-i-descarregues\/hospitality-4\/\" \/>\n<meta property=\"og:locale\" content=\"ca_ES\" \/>\n<meta property=\"og:type\" content=\"article\" \/>\n<meta property=\"og:title\" content=\"IA Experta en Eliminaci\u00f3n de Olores\" \/>\n<meta property=\"og:description\" content=\"Utiliza nuestra IA Experta en Eliminaci\u00f3n de Olores para capacitaciones, formaci\u00f3n profesional y resoluci\u00f3n de problemas con nuestras soluciones.\" \/>\n<meta property=\"og:url\" content=\"https:\/\/www.scentechnologies.com\/cat\/recursos-i-descarregues\/hospitality-4\/\" \/>\n<meta property=\"og:site_name\" content=\"Scentechnologies\" \/>\n<meta property=\"article:modified_time\" content=\"2025-11-18T11:41:25+00:00\" \/>\n<meta property=\"og:image\" content=\"https:\/\/www.scentechnologies.com\/wp-content\/uploads\/2025\/03\/Screenshot-2025-03-13-at-12.07.21.webp\" \/>\n\t<meta property=\"og:image:width\" content=\"1430\" \/>\n\t<meta property=\"og:image:height\" content=\"1076\" \/>\n\t<meta property=\"og:image:type\" content=\"image\/webp\" \/>\n<meta name=\"twitter:card\" content=\"summary_large_image\" \/>\n<meta name=\"twitter:label1\" content=\"Temps estimat de lectura\" \/>\n\t<meta name=\"twitter:data1\" content=\"1 minut\" \/>\n<script type=\"application\/ld+json\" class=\"yoast-schema-graph\">{\"@context\":\"https:\/\/schema.org\",\"@graph\":[{\"@type\":\"WebPage\",\"@id\":\"https:\/\/www.scentechnologies.com\/recursos-y-descargas\/scent-ai\/\",\"url\":\"https:\/\/www.scentechnologies.com\/recursos-y-descargas\/scent-ai\/\",\"name\":\"Scent AI - Inteligencia Artificial Experta en Eliminaci\u00f3n de Olores - Scentechnologies\",\"isPartOf\":{\"@id\":\"https:\/\/www.scentechnologies.com\/#website\"},\"primaryImageOfPage\":{\"@id\":\"https:\/\/www.scentechnologies.com\/recursos-y-descargas\/scent-ai\/#primaryimage\"},\"image\":{\"@id\":\"https:\/\/www.scentechnologies.com\/recursos-y-descargas\/scent-ai\/#primaryimage\"},\"thumbnailUrl\":\"https:\/\/www.scentechnologies.com\/wp-content\/uploads\/2025\/03\/Screenshot-2025-03-13-at-12.07.21.webp\",\"datePublished\":\"2024-10-15T11:32:28+00:00\",\"dateModified\":\"2025-11-18T11:41:25+00:00\",\"description\":\"Scent AI, la IA Experta en Eliminaci\u00f3n de Olores, te ofrece soluciones instant\u00e1neas para eliminar cualquier mal olor en hogares, negocios e industrias. Chatea ahora y encuentra la mejor soluci\u00f3n para tu problema de olores.\",\"breadcrumb\":{\"@id\":\"https:\/\/www.scentechnologies.com\/recursos-y-descargas\/scent-ai\/#breadcrumb\"},\"inLanguage\":\"ca\",\"potentialAction\":[{\"@type\":\"ReadAction\",\"target\":[\"https:\/\/www.scentechnologies.com\/recursos-y-descargas\/scent-ai\/\"]}]},{\"@type\":\"ImageObject\",\"inLanguage\":\"ca\",\"@id\":\"https:\/\/www.scentechnologies.com\/recursos-y-descargas\/scent-ai\/#primaryimage\",\"url\":\"https:\/\/www.scentechnologies.com\/wp-content\/uploads\/2025\/03\/Screenshot-2025-03-13-at-12.07.21.webp\",\"contentUrl\":\"https:\/\/www.scentechnologies.com\/wp-content\/uploads\/2025\/03\/Screenshot-2025-03-13-at-12.07.21.webp\",\"width\":1430,\"height\":1076,\"caption\":\"Scent AI\"},{\"@type\":\"BreadcrumbList\",\"@id\":\"https:\/\/www.scentechnologies.com\/recursos-y-descargas\/scent-ai\/#breadcrumb\",\"itemListElement\":[{\"@type\":\"ListItem\",\"position\":1,\"name\":\"Portada\",\"item\":\"https:\/\/www.scentechnologies.com\/\"},{\"@type\":\"ListItem\",\"position\":2,\"name\":\"Recursos y Descargas\",\"item\":\"https:\/\/www.scentechnologies.com\/recursos-y-descargas\/\"},{\"@type\":\"ListItem\",\"position\":3,\"name\":\"Scent AI | IA Experta en Eliminaci\u00f3n de Olores\"}]},{\"@type\":\"WebSite\",\"@id\":\"https:\/\/www.scentechnologies.com\/#website\",\"url\":\"https:\/\/www.scentechnologies.com\/\",\"name\":\"Scentechnologies\",\"description\":\"Eliminamos olores desde la mol\u00e9cula.\",\"publisher\":{\"@id\":\"https:\/\/www.scentechnologies.com\/#organization\"},\"potentialAction\":[{\"@type\":\"SearchAction\",\"target\":{\"@type\":\"EntryPoint\",\"urlTemplate\":\"https:\/\/www.scentechnologies.com\/?s={search_term_string}\"},\"query-input\":{\"@type\":\"PropertyValueSpecification\",\"valueRequired\":true,\"valueName\":\"search_term_string\"}}],\"inLanguage\":\"ca\"},{\"@type\":\"Organization\",\"@id\":\"https:\/\/www.scentechnologies.com\/#organization\",\"name\":\"Scentechnologies\",\"url\":\"https:\/\/www.scentechnologies.com\/\",\"logo\":{\"@type\":\"ImageObject\",\"inLanguage\":\"ca\",\"@id\":\"https:\/\/www.scentechnologies.com\/#\/schema\/logo\/image\/\",\"url\":\"https:\/\/www.scentechnologies.com\/wp-content\/uploads\/2023\/06\/Scent.oscuro.webp\",\"contentUrl\":\"https:\/\/www.scentechnologies.com\/wp-content\/uploads\/2023\/06\/Scent.oscuro.webp\",\"width\":520,\"height\":158,\"caption\":\"Scentechnologies\"},\"image\":{\"@id\":\"https:\/\/www.scentechnologies.com\/#\/schema\/logo\/image\/\"},\"sameAs\":[\"https:\/\/www.linkedin.com\/company\/scentechnologies\/\"]}]}<\/script>\n<!-- \/ Yoast SEO plugin. -->","yoast_head_json":{"title":"Scent AI - Expert en intel\u00b7lig\u00e8ncia artificial per a l'eliminaci\u00f3 d'olors - Scentechnologies","description":"Scent AI, l'expert en eliminaci\u00f3 d'olors, ofereix solucions instant\u00e0nies per eliminar qualsevol mala olor a llars, negocis i ind\u00fastries. Chat-ea ara i troba la millor soluci\u00f3 per al teu problema d'olors.","robots":{"index":"index","follow":"follow","max-snippet":"max-snippet:-1","max-image-preview":"max-image-preview:large","max-video-preview":"max-video-preview:-1"},"canonical":"https:\/\/www.scentechnologies.com\/cat\/recursos-i-descarregues\/hospitality-4\/","og_locale":"ca_ES","og_type":"article","og_title":"IA Experta en Eliminaci\u00f3n de Olores","og_description":"Utiliza nuestra IA Experta en Eliminaci\u00f3n de Olores para capacitaciones, formaci\u00f3n profesional y resoluci\u00f3n de problemas con nuestras soluciones.","og_url":"https:\/\/www.scentechnologies.com\/cat\/recursos-i-descarregues\/hospitality-4\/","og_site_name":"Scentechnologies","article_modified_time":"2025-11-18T11:41:25+00:00","og_image":[{"width":1430,"height":1076,"url":"https:\/\/www.scentechnologies.com\/wp-content\/uploads\/2025\/03\/Screenshot-2025-03-13-at-12.07.21.webp","type":"image\/webp"}],"twitter_card":"summary_large_image","twitter_misc":{"Temps estimat de lectura":"1 minut"},"schema":{"@context":"https:\/\/schema.org","@graph":[{"@type":"WebPage","@id":"https:\/\/www.scentechnologies.com\/recursos-y-descargas\/scent-ai\/","url":"https:\/\/www.scentechnologies.com\/recursos-y-descargas\/scent-ai\/","name":"Scent AI - Expert en intel\u00b7lig\u00e8ncia artificial per a l'eliminaci\u00f3 d'olors - Scentechnologies","isPartOf":{"@id":"https:\/\/www.scentechnologies.com\/#website"},"primaryImageOfPage":{"@id":"https:\/\/www.scentechnologies.com\/recursos-y-descargas\/scent-ai\/#primaryimage"},"image":{"@id":"https:\/\/www.scentechnologies.com\/recursos-y-descargas\/scent-ai\/#primaryimage"},"thumbnailUrl":"https:\/\/www.scentechnologies.com\/wp-content\/uploads\/2025\/03\/Screenshot-2025-03-13-at-12.07.21.webp","datePublished":"2024-10-15T11:32:28+00:00","dateModified":"2025-11-18T11:41:25+00:00","description":"Scent AI, l'expert en eliminaci\u00f3 d'olors, ofereix solucions instant\u00e0nies per eliminar qualsevol mala olor a llars, negocis i ind\u00fastries. Chat-ea ara i troba la millor soluci\u00f3 per al teu problema d'olors.","breadcrumb":{"@id":"https:\/\/www.scentechnologies.com\/recursos-y-descargas\/scent-ai\/#breadcrumb"},"inLanguage":"ca","potentialAction":[{"@type":"ReadAction","target":["https:\/\/www.scentechnologies.com\/recursos-y-descargas\/scent-ai\/"]}]},{"@type":"ImageObject","inLanguage":"ca","@id":"https:\/\/www.scentechnologies.com\/recursos-y-descargas\/scent-ai\/#primaryimage","url":"https:\/\/www.scentechnologies.com\/wp-content\/uploads\/2025\/03\/Screenshot-2025-03-13-at-12.07.21.webp","contentUrl":"https:\/\/www.scentechnologies.com\/wp-content\/uploads\/2025\/03\/Screenshot-2025-03-13-at-12.07.21.webp","width":1430,"height":1076,"caption":"Scent AI"},{"@type":"BreadcrumbList","@id":"https:\/\/www.scentechnologies.com\/recursos-y-descargas\/scent-ai\/#breadcrumb","itemListElement":[{"@type":"ListItem","position":1,"name":"Portada","item":"https:\/\/www.scentechnologies.com\/"},{"@type":"ListItem","position":2,"name":"Recursos y Descargas","item":"https:\/\/www.scentechnologies.com\/recursos-y-descargas\/"},{"@type":"ListItem","position":3,"name":"Scent AI | IA Experta en Eliminaci\u00f3n de Olores"}]},{"@type":"WebSite","@id":"https:\/\/www.scentechnologies.com\/#website","url":"https:\/\/www.scentechnologies.com\/","name":"Scentechnologies","description":"Eliminem olors des de la mol\u00e8cula.","publisher":{"@id":"https:\/\/www.scentechnologies.com\/#organization"},"potentialAction":[{"@type":"SearchAction","target":{"@type":"EntryPoint","urlTemplate":"https:\/\/www.scentechnologies.com\/?s={search_term_string}"},"query-input":{"@type":"PropertyValueSpecification","valueRequired":true,"valueName":"search_term_string"}}],"inLanguage":"ca"},{"@type":"Organization","@id":"https:\/\/www.scentechnologies.com\/#organization","name":"Scentechnologies","url":"https:\/\/www.scentechnologies.com\/","logo":{"@type":"ImageObject","inLanguage":"ca","@id":"https:\/\/www.scentechnologies.com\/#\/schema\/logo\/image\/","url":"https:\/\/www.scentechnologies.com\/wp-content\/uploads\/2023\/06\/Scent.oscuro.webp","contentUrl":"https:\/\/www.scentechnologies.com\/wp-content\/uploads\/2023\/06\/Scent.oscuro.webp","width":520,"height":158,"caption":"Scentechnologies"},"image":{"@id":"https:\/\/www.scentechnologies.com\/#\/schema\/logo\/image\/"},"sameAs":["https:\/\/www.linkedin.com\/company\/scentechnologies\/"]}]}},"_links":{"self":[{"href":"https:\/\/www.scentechnologies.com\/cat\/wp-json\/wp\/v2\/pages\/3892","targetHints":{"allow":["GET"]}}],"collection":[{"href":"https:\/\/www.scentechnologies.com\/cat\/wp-json\/wp\/v2\/pages"}],"about":[{"href":"https:\/\/www.scentechnologies.com\/cat\/wp-json\/wp\/v2\/types\/page"}],"author":[{"embeddable":true,"href":"https:\/\/www.scentechnologies.com\/cat\/wp-json\/wp\/v2\/users\/1"}],"replies":[{"embeddable":true,"href":"https:\/\/www.scentechnologies.com\/cat\/wp-json\/wp\/v2\/comments?post=3892"}],"version-history":[{"count":25,"href":"https:\/\/www.scentechnologies.com\/cat\/wp-json\/wp\/v2\/pages\/3892\/revisions"}],"predecessor-version":[{"id":4568,"href":"https:\/\/www.scentechnologies.com\/cat\/wp-json\/wp\/v2\/pages\/3892\/revisions\/4568"}],"up":[{"embeddable":true,"href":"https:\/\/www.scentechnologies.com\/cat\/wp-json\/wp\/v2\/pages\/3863"}],"wp:featuredmedia":[{"embeddable":true,"href":"https:\/\/www.scentechnologies.com\/cat\/wp-json\/wp\/v2\/media\/4346"}],"wp:attachment":[{"href":"https:\/\/www.scentechnologies.com\/cat\/wp-json\/wp\/v2\/media?parent=3892"}],"curies":[{"name":"wp","href":"https:\/\/api.w.org\/{rel}","templated":true}]}}